{"id":77,"date":"2023-07-26T09:08:53","date_gmt":"2023-07-26T09:08:53","guid":{"rendered":"https:\/\/helixlab.com.tr\/?page_id=77"},"modified":"2025-08-29T07:12:37","modified_gmt":"2025-08-29T07:12:37","slug":"immunoloji","status":"publish","type":"page","link":"https:\/\/helixlab.com.tr\/?page_id=77","title":{"rendered":"\u0130mmunoloji"},"content":{"rendered":"\t\t<div data-elementor-type=\"wp-page\" data-elementor-id=\"77\" class=\"elementor elementor-77\">\n\t\t\t\t\t\t<section class=\"elementor-section elementor-top-section elementor-element elementor-element-5591e3c elementor-section-stretched elementor-section-boxed elementor-section-height-default elementor-section-height-default\" data-id=\"5591e3c\" data-element_type=\"section\" data-e-type=\"section\" data-settings=\"{&quot;background_background&quot;:&quot;classic&quot;,&quot;stretch_section&quot;:&quot;section-stretched&quot;}\">\n\t\t\t\t\t\t\t<div class=\"elementor-background-overlay\"><\/div>\n\t\t\t\t\t\t\t<div class=\"elementor-container elementor-column-gap-default\">\n\t\t\t\t\t<div class=\"elementor-column elementor-col-100 elementor-top-column elementor-element elementor-element-8b2f6d8\" data-id=\"8b2f6d8\" data-element_type=\"column\" data-e-type=\"column\">\n\t\t\t<div class=\"elementor-widget-wrap elementor-element-populated\">\n\t\t\t\t\t\t<div class=\"elementor-element elementor-element-e136447 elementor-widget__width-initial elementor-widget-tablet__width-initial elementor-widget elementor-widget-heading\" data-id=\"e136447\" data-element_type=\"widget\" data-e-type=\"widget\" data-widget_type=\"heading.default\">\n\t\t\t\t<div class=\"elementor-widget-container\">\n\t\t\t\t\t<h2 class=\"elementor-heading-title elementor-size-default\">\u0130MMUNOLOJ\u0130<\/h2>\t\t\t\t<\/div>\n\t\t\t\t<\/div>\n\t\t\t\t\t<\/div>\n\t\t<\/div>\n\t\t\t\t\t<\/div>\n\t\t<\/section>\n\t\t\t\t<section class=\"elementor-section elementor-top-section elementor-element elementor-element-458f27b elementor-section-boxed elementor-section-height-default elementor-section-height-default\" data-id=\"458f27b\" data-element_type=\"section\" data-e-type=\"section\" data-settings=\"{&quot;background_background&quot;:&quot;classic&quot;}\">\n\t\t\t\t\t\t<div class=\"elementor-container elementor-column-gap-default\">\n\t\t\t\t\t<div class=\"elementor-column elementor-col-100 elementor-top-column elementor-element elementor-element-177c84a\" data-id=\"177c84a\" data-element_type=\"column\" data-e-type=\"column\">\n\t\t\t<div class=\"elementor-widget-wrap elementor-element-populated\">\n\t\t\t\t\t\t<section class=\"elementor-section elementor-inner-section elementor-element elementor-element-be87ebd elementor-section-boxed elementor-section-height-default elementor-section-height-default\" data-id=\"be87ebd\" data-element_type=\"section\" data-e-type=\"section\">\n\t\t\t\t\t\t<div class=\"elementor-container elementor-column-gap-default\">\n\t\t\t\t\t<div class=\"elementor-column elementor-col-100 elementor-inner-column elementor-element elementor-element-618e099\" data-id=\"618e099\" data-element_type=\"column\" data-e-type=\"column\">\n\t\t\t<div class=\"elementor-widget-wrap elementor-element-populated\">\n\t\t\t\t\t\t<div class=\"elementor-element elementor-element-feceea4 elementor-widget__width-initial elementor-widget-divider--view-line elementor-widget elementor-widget-divider\" data-id=\"feceea4\" data-element_type=\"widget\" data-e-type=\"widget\" data-widget_type=\"divider.default\">\n\t\t\t\t<div class=\"elementor-widget-container\">\n\t\t\t\t\t\t\t<div class=\"elementor-divider\">\n\t\t\t<span class=\"elementor-divider-separator\">\n\t\t\t\t\t\t<\/span>\n\t\t<\/div>\n\t\t\t\t\t\t<\/div>\n\t\t\t\t<\/div>\n\t\t\t\t<div class=\"elementor-element elementor-element-59ccb78 elementor-widget__width-initial elementor-widget elementor-widget-heading\" data-id=\"59ccb78\" data-element_type=\"widget\" data-e-type=\"widget\" data-widget_type=\"heading.default\">\n\t\t\t\t<div class=\"elementor-widget-container\">\n\t\t\t\t\t<h2 class=\"elementor-heading-title elementor-size-default\">\u0130MMUNOLOJ\u0130<\/h2>\t\t\t\t<\/div>\n\t\t\t\t<\/div>\n\t\t\t\t\t<\/div>\n\t\t<\/div>\n\t\t\t\t\t<\/div>\n\t\t<\/section>\n\t\t\t\t<div class=\"elementor-element elementor-element-2394733 elementor-widget elementor-widget-text-editor\" data-id=\"2394733\" data-element_type=\"widget\" data-e-type=\"widget\" data-widget_type=\"text-editor.default\">\n\t\t\t\t<div class=\"elementor-widget-container\">\n\t\t\t\t\t\t\t\t\t<p data-start=\"161\" data-end=\"317\">HelixLab \u0130mm\u00fcnoloji Laboratuvar\u0131, <strong data-start=\"195\" data-end=\"240\">otomatik ve y\u00fcksek hassasiyetli analizler<\/strong> yapmak \u00fczere donat\u0131lm\u0131\u015ft\u0131r. Laboratuvar\u0131m\u0131zda kullan\u0131lan ba\u015fl\u0131ca cihazlar:<\/p><ul data-start=\"318\" data-end=\"413\"><li data-start=\"318\" data-end=\"370\"><p data-start=\"320\" data-end=\"370\"><strong data-start=\"320\" data-end=\"345\">DxFlex Flow Cytometer<\/strong> (13 Dedekt\u00f6r, 3 Lazer)<\/p><\/li><li data-start=\"371\" data-end=\"413\"><p data-start=\"373\" data-end=\"413\"><strong data-start=\"373\" data-end=\"411\">Cytation-7 Mikroskop\/Cihaz Sistemi<\/strong><\/p><\/li><\/ul><p data-start=\"415\" data-end=\"565\">Laboratuvar\u0131m\u0131z, ara\u015ft\u0131rma projeleri kapsam\u0131nda <strong data-start=\"463\" data-end=\"513\">ham veri veya analiz edilmi\u015f rapor sonu\u00e7lar\u0131n\u0131<\/strong>, proje taleplerinize uygun \u015fekilde sa\u011flamaktad\u0131r.<\/p><p data-start=\"567\" data-end=\"686\">T\u00fcm analizler, <strong data-start=\"582\" data-end=\"637\">ara\u015ft\u0131rma ve Ar-Ge projeleri i\u00e7in y\u00fcr\u00fct\u00fclmekte olup<\/strong>, tan\u0131 veya klinik tedavi amac\u0131 ta\u015f\u0131mamaktad\u0131r.<\/p>\t\t\t\t\t\t\t\t<\/div>\n\t\t\t\t<\/div>\n\t\t\t\t<div class=\"elementor-element elementor-element-87cca28 elementor-widget elementor-widget-text-editor\" data-id=\"87cca28\" data-element_type=\"widget\" data-e-type=\"widget\" data-widget_type=\"text-editor.default\">\n\t\t\t\t<div class=\"elementor-widget-container\">\n\t\t\t\t\t\t\t\t\t<ul><li><h4><strong>Ak\u0131m Sitometri<\/strong><\/h4><\/li><li><h4><strong>\u0130mm\u00fcnfenotiplendirme<\/strong><\/h4><\/li><\/ul><p data-start=\"180\" data-end=\"376\">HelixLab \u0130mm\u00fcnoloji Laboratuvar\u0131\u2019nda, <strong data-start=\"218\" data-end=\"247\">ak\u0131m sitometri teknikleri<\/strong> kullan\u0131larak geli\u015fmi\u015f h\u00fccresel analizler ve Ar-Ge \u00e7al\u0131\u015fmalar\u0131 y\u00fcr\u00fct\u00fclmektedir. Bu kapsamda ger\u00e7ekle\u015ftirilen ba\u015fl\u0131ca analizler:<\/p><ul data-start=\"378\" data-end=\"960\"><li data-start=\"378\" data-end=\"465\"><p data-start=\"380\" data-end=\"465\"><strong data-start=\"380\" data-end=\"405\">\u0130mm\u00fcnfenotiplendirme:<\/strong> Farkl\u0131 kandaki h\u00fccre tiplerinin tan\u0131mlanmas\u0131 ve say\u0131lmas\u0131<\/p><\/li><li data-start=\"466\" data-end=\"535\"><p data-start=\"468\" data-end=\"535\"><strong data-start=\"468\" data-end=\"495\">Apoptotik H\u00fccre Tayini:<\/strong> Programl\u0131 h\u00fccre \u00f6l\u00fcm\u00fcn\u00fcn belirlenmesi<\/p><\/li><li data-start=\"536\" data-end=\"630\"><p data-start=\"538\" data-end=\"630\"><strong data-start=\"538\" data-end=\"564\">K\u00f6k H\u00fccre \u00c7al\u0131\u015fmalar\u0131:<\/strong> K\u00f6k h\u00fccrelerin analizi ve biyolojik davran\u0131\u015flar\u0131n\u0131n incelenmesi<\/p><\/li><li data-start=\"631\" data-end=\"740\"><p data-start=\"633\" data-end=\"740\"><strong data-start=\"633\" data-end=\"688\">H\u00fccre Y\u00fczeyi ve Sitoplazma Biyobelirte\u00e7 Analizleri:<\/strong> H\u00fccresel i\u015flev ve molek\u00fcler g\u00f6stergelerin tespiti<\/p><\/li><li data-start=\"741\" data-end=\"804\"><p data-start=\"743\" data-end=\"804\"><strong data-start=\"743\" data-end=\"802\">H\u00fccresel Ba\u011f\u0131\u015f\u0131kl\u0131k Testleri ve Di\u011fer Ar-Ge \u00c7al\u0131\u015fmalar\u0131<\/strong><\/p><\/li><li data-start=\"805\" data-end=\"864\"><p data-start=\"807\" data-end=\"864\"><strong data-start=\"807\" data-end=\"827\">ELISPOT Analizi:<\/strong> Spesifik h\u00fccre yan\u0131tlar\u0131n\u0131n \u00f6l\u00e7\u00fcm\u00fc<\/p><\/li><li data-start=\"865\" data-end=\"960\"><p data-start=\"867\" data-end=\"960\"><strong data-start=\"867\" data-end=\"887\">Sitokin Analizi:<\/strong> H\u00fccreler taraf\u0131ndan salg\u0131lanan sinyal molek\u00fcllerinin de\u011ferlendirilmesi<\/p><\/li><\/ul>\t\t\t\t\t\t\t\t<\/div>\n\t\t\t\t<\/div>\n\t\t\t\t\t<\/div>\n\t\t<\/div>\n\t\t\t\t\t<\/div>\n\t\t<\/section>\n\t\t\t\t<section class=\"elementor-section elementor-top-section elementor-element elementor-element-fcd9e08 elementor-section-boxed elementor-section-height-default elementor-section-height-default\" data-id=\"fcd9e08\" data-element_type=\"section\" data-e-type=\"section\">\n\t\t\t\t\t\t<div class=\"elementor-container elementor-column-gap-default\">\n\t\t\t\t\t<div class=\"elementor-column elementor-col-100 elementor-top-column elementor-element elementor-element-762b7ad\" data-id=\"762b7ad\" data-element_type=\"column\" data-e-type=\"column\">\n\t\t\t<div class=\"elementor-widget-wrap elementor-element-populated\">\n\t\t\t\t\t\t<div class=\"elementor-element elementor-element-d6c2990 elementor-widget elementor-widget-image\" data-id=\"d6c2990\" data-element_type=\"widget\" data-e-type=\"widget\" data-widget_type=\"image.default\">\n\t\t\t\t<div class=\"elementor-widget-container\">\n\t\t\t\t\t\t\t\t\t\t\t\t\t\t\t<img fetchpriority=\"high\" decoding=\"async\" width=\"720\" height=\"480\" src=\"https:\/\/helixlab.com.tr\/wp-content\/uploads\/2023\/08\/Immunoloji-Alt.jpg\" class=\"attachment-large size-large wp-image-254\" alt=\"\" srcset=\"https:\/\/helixlab.com.tr\/wp-content\/uploads\/2023\/08\/Immunoloji-Alt.jpg 720w, https:\/\/helixlab.com.tr\/wp-content\/uploads\/2023\/08\/Immunoloji-Alt-300x200.jpg 300w\" sizes=\"(max-width: 720px) 100vw, 720px\" \/>\t\t\t\t\t\t\t\t\t\t\t\t\t\t\t<\/div>\n\t\t\t\t<\/div>\n\t\t\t\t\t<\/div>\n\t\t<\/div>\n\t\t\t\t\t<\/div>\n\t\t<\/section>\n\t\t\t\t<\/div>\n\t\t","protected":false},"excerpt":{"rendered":"<p>\u0130MMUNOLOJ\u0130 \u0130MMUNOLOJ\u0130 HelixLab \u0130mm\u00fcnoloji Laboratuvar\u0131, otomatik ve y\u00fcksek hassasiyetli analizler yapmak \u00fczere donat\u0131lm\u0131\u015ft\u0131r. Laboratuvar\u0131m\u0131zda kullan\u0131lan ba\u015fl\u0131ca cihazlar: DxFlex Flow Cytometer (13 Dedekt\u00f6r, 3 Lazer) Cytation-7&hellip;<\/p>\n","protected":false},"author":3,"featured_media":0,"parent":0,"menu_order":0,"comment_status":"closed","ping_status":"closed","template":"","meta":{"footnotes":""},"class_list":["post-77","page","type-page","status-publish","hentry"],"aioseo_notices":[],"_links":{"self":[{"href":"https:\/\/helixlab.com.tr\/index.php?rest_route=\/wp\/v2\/pages\/77","targetHints":{"allow":["GET"]}}],"collection":[{"href":"https:\/\/helixlab.com.tr\/index.php?rest_route=\/wp\/v2\/pages"}],"about":[{"href":"https:\/\/helixlab.com.tr\/index.php?rest_route=\/wp\/v2\/types\/page"}],"author":[{"embeddable":true,"href":"https:\/\/helixlab.com.tr\/index.php?rest_route=\/wp\/v2\/users\/3"}],"replies":[{"embeddable":true,"href":"https:\/\/helixlab.com.tr\/index.php?rest_route=%2Fwp%2Fv2%2Fcomments&post=77"}],"version-history":[{"count":5,"href":"https:\/\/helixlab.com.tr\/index.php?rest_route=\/wp\/v2\/pages\/77\/revisions"}],"predecessor-version":[{"id":768,"href":"https:\/\/helixlab.com.tr\/index.php?rest_route=\/wp\/v2\/pages\/77\/revisions\/768"}],"wp:attachment":[{"href":"https:\/\/helixlab.com.tr\/index.php?rest_route=%2Fwp%2Fv2%2Fmedia&parent=77"}],"curies":[{"name":"wp","href":"https:\/\/api.w.org\/{rel}","templated":true}]}}