{"id":85,"date":"2023-07-26T11:09:11","date_gmt":"2023-07-26T11:09:11","guid":{"rendered":"https:\/\/helixlab.com.tr\/?page_id=85"},"modified":"2025-08-28T11:20:06","modified_gmt":"2025-08-28T11:20:06","slug":"mikrobiyoloji","status":"publish","type":"page","link":"https:\/\/helixlab.com.tr\/?page_id=85","title":{"rendered":"Mikrobiyoloji"},"content":{"rendered":"\t\t<div data-elementor-type=\"wp-page\" data-elementor-id=\"85\" class=\"elementor elementor-85\">\n\t\t\t\t\t\t<section class=\"elementor-section elementor-top-section elementor-element elementor-element-2d1f3c0 elementor-section-stretched elementor-section-boxed elementor-section-height-default elementor-section-height-default\" data-id=\"2d1f3c0\" data-element_type=\"section\" data-e-type=\"section\" data-settings=\"{&quot;background_background&quot;:&quot;classic&quot;,&quot;stretch_section&quot;:&quot;section-stretched&quot;}\">\n\t\t\t\t\t\t\t<div class=\"elementor-background-overlay\"><\/div>\n\t\t\t\t\t\t\t<div class=\"elementor-container elementor-column-gap-default\">\n\t\t\t\t\t<div class=\"elementor-column elementor-col-100 elementor-top-column elementor-element elementor-element-0411436\" data-id=\"0411436\" data-element_type=\"column\" data-e-type=\"column\">\n\t\t\t<div class=\"elementor-widget-wrap elementor-element-populated\">\n\t\t\t\t\t\t<div class=\"elementor-element elementor-element-01f53c5 elementor-widget__width-initial elementor-widget-tablet__width-initial elementor-widget elementor-widget-heading\" data-id=\"01f53c5\" data-element_type=\"widget\" data-e-type=\"widget\" data-widget_type=\"heading.default\">\n\t\t\t\t<div class=\"elementor-widget-container\">\n\t\t\t\t\t<h2 class=\"elementor-heading-title elementor-size-default\">M\u0130KROB\u0130YOLOJ\u0130<\/h2>\t\t\t\t<\/div>\n\t\t\t\t<\/div>\n\t\t\t\t\t<\/div>\n\t\t<\/div>\n\t\t\t\t\t<\/div>\n\t\t<\/section>\n\t\t\t\t<section class=\"elementor-section elementor-top-section elementor-element elementor-element-004ae5e elementor-section-boxed elementor-section-height-default elementor-section-height-default\" data-id=\"004ae5e\" data-element_type=\"section\" data-e-type=\"section\" data-settings=\"{&quot;background_background&quot;:&quot;classic&quot;}\">\n\t\t\t\t\t\t<div class=\"elementor-container elementor-column-gap-default\">\n\t\t\t\t\t<div class=\"elementor-column elementor-col-100 elementor-top-column elementor-element elementor-element-7722bf6\" data-id=\"7722bf6\" data-element_type=\"column\" data-e-type=\"column\">\n\t\t\t<div class=\"elementor-widget-wrap elementor-element-populated\">\n\t\t\t\t\t\t<section class=\"elementor-section elementor-inner-section elementor-element elementor-element-b3bddf8 elementor-section-boxed elementor-section-height-default elementor-section-height-default\" data-id=\"b3bddf8\" data-element_type=\"section\" data-e-type=\"section\">\n\t\t\t\t\t\t<div class=\"elementor-container elementor-column-gap-default\">\n\t\t\t\t\t<div class=\"elementor-column elementor-col-100 elementor-inner-column elementor-element elementor-element-9feba0b\" data-id=\"9feba0b\" data-element_type=\"column\" data-e-type=\"column\">\n\t\t\t<div class=\"elementor-widget-wrap elementor-element-populated\">\n\t\t\t\t\t\t<div class=\"elementor-element elementor-element-80d28d5 elementor-widget__width-initial elementor-widget-divider--view-line elementor-widget elementor-widget-divider\" data-id=\"80d28d5\" data-element_type=\"widget\" data-e-type=\"widget\" data-widget_type=\"divider.default\">\n\t\t\t\t<div class=\"elementor-widget-container\">\n\t\t\t\t\t\t\t<div class=\"elementor-divider\">\n\t\t\t<span class=\"elementor-divider-separator\">\n\t\t\t\t\t\t<\/span>\n\t\t<\/div>\n\t\t\t\t\t\t<\/div>\n\t\t\t\t<\/div>\n\t\t\t\t<div class=\"elementor-element elementor-element-a170617 elementor-widget__width-initial elementor-widget elementor-widget-heading\" data-id=\"a170617\" data-element_type=\"widget\" data-e-type=\"widget\" data-widget_type=\"heading.default\">\n\t\t\t\t<div class=\"elementor-widget-container\">\n\t\t\t\t\t<h2 class=\"elementor-heading-title elementor-size-default\">M\u0130KROB\u0130YOLOJ\u0130<\/h2>\t\t\t\t<\/div>\n\t\t\t\t<\/div>\n\t\t\t\t\t<\/div>\n\t\t<\/div>\n\t\t\t\t\t<\/div>\n\t\t<\/section>\n\t\t\t\t<div class=\"elementor-element elementor-element-d25fb23 elementor-widget elementor-widget-text-editor\" data-id=\"d25fb23\" data-element_type=\"widget\" data-e-type=\"widget\" data-widget_type=\"text-editor.default\">\n\t\t\t\t<div class=\"elementor-widget-container\">\n\t\t\t\t\t\t\t\t\t<p data-start=\"152\" data-end=\"342\">HelixLab Mikrobiyoloji Laboratuvar\u0131, <strong data-start=\"189\" data-end=\"276\">dan\u0131\u015fman hocalar\u0131m\u0131z, uzman kadromuz ve i\u015f birli\u011fi yapt\u0131\u011f\u0131m\u0131z firmalar ile birlikte<\/strong>, geni\u015f kapsaml\u0131 ara\u015ft\u0131rma ve geli\u015ftirme hizmetleri sunmaktad\u0131r.<\/p><p data-start=\"344\" data-end=\"531\">Laboratuvar\u0131m\u0131zda y\u00fcr\u00fct\u00fclen \u00e7al\u0131\u015fmalar, <strong data-start=\"384\" data-end=\"447\">mikrobiyal analizler, k\u00fclt\u00fcr \u00e7al\u0131\u015fmalar\u0131 ve Ar-Ge projeleri<\/strong> kapsam\u0131nda ger\u00e7ekle\u015ftirilmektedir ve <strong data-start=\"485\" data-end=\"529\">tan\u0131 veya klinik tedavi ama\u00e7l\u0131 de\u011fildir.<\/strong><\/p>\t\t\t\t\t\t\t\t<\/div>\n\t\t\t\t<\/div>\n\t\t\t\t<div class=\"elementor-element elementor-element-8545aa7 elementor-widget elementor-widget-text-editor\" data-id=\"8545aa7\" data-element_type=\"widget\" data-e-type=\"widget\" data-widget_type=\"text-editor.default\">\n\t\t\t\t<div class=\"elementor-widget-container\">\n\t\t\t\t\t\t\t\t\t<h4><strong>Konvansiyel mikrobiyoloji<\/strong><\/h4><p data-start=\"160\" data-end=\"230\">HelixLab Mikrobiyoloji Laboratuvar\u0131\u2019nda y\u00fcr\u00fct\u00fclen ba\u015fl\u0131ca analizler:<\/p><ul data-start=\"232\" data-end=\"995\"><li data-start=\"232\" data-end=\"399\"><p data-start=\"234\" data-end=\"399\"><strong data-start=\"234\" data-end=\"245\">K\u00fclt\u00fcr:<\/strong> Mikrobiyal organizmalar\u0131n, kontroll\u00fc laboratuvar ko\u015fullar\u0131 ve \u00f6nceden belirlenmi\u015f k\u00fclt\u00fcr ortamlar\u0131nda \u00fcremelerine izin vererek \u00e7o\u011falt\u0131lmas\u0131 y\u00f6ntemidir.<\/p><\/li><li data-start=\"400\" data-end=\"650\"><p data-start=\"402\" data-end=\"650\"><strong data-start=\"402\" data-end=\"418\">Safla\u015ft\u0131rma:<\/strong> Bir koloniden al\u0131nan ve \u00fcretildi\u011finde morfolojik, fizyolojik, biyokimyasal ve genel \u00f6zellikleri birbirinin ayn\u0131 olan mikroorganizma k\u00fclt\u00fcr\u00fcne \u201csaf k\u00fclt\u00fcr\u201d denir. Bu y\u00f6ntem, yaln\u0131zca tek bir t\u00fcr mikroorganizman\u0131n \u00fcretimini sa\u011flar.<\/p><\/li><li data-start=\"651\" data-end=\"828\"><p data-start=\"653\" data-end=\"828\"><strong data-start=\"653\" data-end=\"670\">Antibiyogram:<\/strong> Patojen mikroorganizmalar\u0131n \u00fcremesini veya geli\u015fimini engelleyebilecek <strong data-start=\"742\" data-end=\"794\">antibiyotiklerin ve etki dozlar\u0131n\u0131n belirlenmesi<\/strong> amac\u0131yla kullan\u0131lan testlerdir.<\/p><\/li><li data-start=\"829\" data-end=\"995\"><p data-start=\"831\" data-end=\"995\"><strong data-start=\"831\" data-end=\"856\">Mikroskobik \u0130nceleme:<\/strong> Mikroorganizmalar\u0131 tan\u0131mak ve saymak i\u00e7in yap\u0131lan analizlerdir; mikroorganizmalar\u0131n cins ve t\u00fcrlerinin belirlenmesinde kritik rol oynar.<\/p><\/li><\/ul>\t\t\t\t\t\t\t\t<\/div>\n\t\t\t\t<\/div>\n\t\t\t\t<div class=\"elementor-element elementor-element-dedc4d1 elementor-widget elementor-widget-text-editor\" data-id=\"dedc4d1\" data-element_type=\"widget\" data-e-type=\"widget\" data-widget_type=\"text-editor.default\">\n\t\t\t\t<div class=\"elementor-widget-container\">\n\t\t\t\t\t\t\t\t\t<h4><strong>Antibiyotik etkile\u015fim testleri<\/strong><\/h4><p data-start=\"155\" data-end=\"411\">HelixLab Mikrobiyoloji Laboratuvar\u0131\u2019nda, <strong data-start=\"196\" data-end=\"218\">ila\u00e7 etkile\u015fimleri<\/strong> ara\u015ft\u0131rmalar\u0131 y\u00fcr\u00fct\u00fclmektedir. Bu \u00e7al\u0131\u015fmalar, bir ilac\u0131n di\u011fer ila\u00e7larla kombinasyonu sonucunda ortaya \u00e7\u0131kabilecek etkileri ara\u015ft\u0131rmay\u0131 ama\u00e7lar. Analizlerde de\u011ferlendirilen ba\u015fl\u0131ca unsurlar:<\/p><ul data-start=\"413\" data-end=\"749\"><li data-start=\"413\" data-end=\"537\"><p data-start=\"415\" data-end=\"537\"><strong data-start=\"415\" data-end=\"448\">Diren\u00e7 Geli\u015fiminin \u00d6nlenmesi:<\/strong> Kombinasyon ila\u00e7lar\u0131n, mikroorganizmalarda diren\u00e7 olu\u015fumunu engelleyebilme potansiyeli<\/p><\/li><li data-start=\"538\" data-end=\"627\"><p data-start=\"540\" data-end=\"627\"><strong data-start=\"540\" data-end=\"563\">Toksisite Azalt\u0131m\u0131:<\/strong> \u0130la\u00e7 etkile\u015fimlerinin olas\u0131 yan etkileri minimize etme etkisi<\/p><\/li><li data-start=\"628\" data-end=\"749\"><p data-start=\"630\" data-end=\"749\"><strong data-start=\"630\" data-end=\"664\">Geni\u015f Antimikrobiyal Spektrum:<\/strong> Kombinasyon ila\u00e7lar\u0131n daha geni\u015f mikroorganizma t\u00fcrlerini etkileyebilme kapasitesi<\/p><\/li><\/ul><p data-start=\"751\" data-end=\"876\">T\u00fcm \u00e7al\u0131\u015fmalar, <strong data-start=\"767\" data-end=\"810\">ara\u015ft\u0131rma ve Ar-Ge projeleri kapsam\u0131nda<\/strong> y\u00fcr\u00fct\u00fclmekte olup, <strong data-start=\"830\" data-end=\"874\">tan\u0131 veya klinik tedavi ama\u00e7l\u0131 de\u011fildir.<\/strong><\/p>\t\t\t\t\t\t\t\t<\/div>\n\t\t\t\t<\/div>\n\t\t\t\t<div class=\"elementor-element elementor-element-8761bdb elementor-widget elementor-widget-text-editor\" data-id=\"8761bdb\" data-element_type=\"widget\" data-e-type=\"widget\" data-widget_type=\"text-editor.default\">\n\t\t\t\t<div class=\"elementor-widget-container\">\n\t\t\t\t\t\t\t\t\t<h4><strong>Molek\u00fcler mikrobiyoloji<\/strong><\/h4><p data-start=\"174\" data-end=\"248\">HelixLab Mikrobiyoloji Laboratuvar\u0131\u2019nda y\u00fcr\u00fct\u00fclen \u00e7al\u0131\u015fmalar kapsam\u0131nda:<\/p><ul data-start=\"250\" data-end=\"782\"><li data-start=\"250\" data-end=\"384\"><p data-start=\"252\" data-end=\"384\"><strong data-start=\"252\" data-end=\"268\">Tiplendirme:<\/strong> \u0130zole edilen bakteriler, <strong data-start=\"294\" data-end=\"336\">makroskopik ve mikroskopik \u00f6zellikleri<\/strong> temel al\u0131narak s\u0131n\u0131fland\u0131r\u0131l\u0131r ve tan\u0131mlan\u0131r.<\/p><\/li><li data-start=\"385\" data-end=\"782\"><p data-start=\"387\" data-end=\"538\"><strong data-start=\"387\" data-end=\"409\">Diren\u00e7 Analizleri:<\/strong> Mikroorganizmalar, ayn\u0131 antimikrobiyal ilaca kar\u015f\u0131 birden fazla diren\u00e7 mekanizmas\u0131 geli\u015ftirebilir. Bu diren\u00e7 t\u00fcrleri aras\u0131nda:<\/p><ul data-start=\"541\" data-end=\"782\"><li data-start=\"541\" data-end=\"624\"><p data-start=\"543\" data-end=\"624\"><strong data-start=\"543\" data-end=\"560\">Do\u011fal Diren\u00e7:<\/strong> Mikroorganizman\u0131n genetik yap\u0131s\u0131na ba\u011fl\u0131 olarak mevcut diren\u00e7<\/p><\/li><li data-start=\"627\" data-end=\"692\"><p data-start=\"629\" data-end=\"692\"><strong data-start=\"629\" data-end=\"651\">Kazan\u0131lm\u0131\u015f Diren\u00e7:<\/strong> Sonradan edinilen diren\u00e7 mekanizmalar\u0131<\/p><\/li><li data-start=\"695\" data-end=\"782\"><p data-start=\"697\" data-end=\"782\"><strong data-start=\"697\" data-end=\"733\">\u00c7evresel\/Ko\u015fullara Ba\u011fl\u0131 Diren\u00e7:<\/strong> Ortam ve ko\u015fullara ba\u011fl\u0131 olarak geli\u015fen diren\u00e7<\/p><\/li><\/ul><\/li><\/ul><p data-start=\"784\" data-end=\"916\">T\u00fcm bu analizler, <strong data-start=\"802\" data-end=\"850\">ara\u015ft\u0131rma ve geli\u015ftirme projeleri kapsam\u0131nda<\/strong> y\u00fcr\u00fct\u00fclmekte olup, <strong data-start=\"870\" data-end=\"914\">tan\u0131 veya klinik tedavi ama\u00e7l\u0131 de\u011fildir.<\/strong><\/p>\t\t\t\t\t\t\t\t<\/div>\n\t\t\t\t<\/div>\n\t\t\t\t<div class=\"elementor-element elementor-element-5fba2e6 elementor-widget elementor-widget-text-editor\" data-id=\"5fba2e6\" data-element_type=\"widget\" data-e-type=\"widget\" data-widget_type=\"text-editor.default\">\n\t\t\t\t<div class=\"elementor-widget-container\">\n\t\t\t\t\t\t\t\t\t<h4><strong>Serotiplendirme<\/strong><\/h4><p data-start=\"145\" data-end=\"349\">HelixLab Mikrobiyoloji Laboratuvar\u0131\u2019nda uygulanan <strong data-start=\"195\" data-end=\"220\">serolojik tiplendirme<\/strong>, mikroorganizmalar\u0131n t\u00fcrleri aras\u0131ndaki <strong data-start=\"261\" data-end=\"288\">antijenik farkl\u0131l\u0131klar\u0131<\/strong> ortaya koyarak onlar\u0131 ay\u0131rt etmeyi sa\u011flayan bir tekniktir.<\/p><p data-start=\"351\" data-end=\"492\">Bu teknik, <strong data-start=\"362\" data-end=\"420\">mikroorganizma s\u0131n\u0131fland\u0131rma ve ara\u015ft\u0131rma projelerinde<\/strong> kullan\u0131lmakta olup, <strong data-start=\"441\" data-end=\"490\">tan\u0131 veya klinik tedavi amac\u0131 ta\u015f\u0131mamaktad\u0131r.<\/strong><\/p>\t\t\t\t\t\t\t\t<\/div>\n\t\t\t\t<\/div>\n\t\t\t\t\t<\/div>\n\t\t<\/div>\n\t\t\t\t\t<\/div>\n\t\t<\/section>\n\t\t\t\t<section class=\"elementor-section elementor-top-section elementor-element elementor-element-508f547 elementor-section-boxed elementor-section-height-default elementor-section-height-default\" data-id=\"508f547\" data-element_type=\"section\" data-e-type=\"section\">\n\t\t\t\t\t\t<div class=\"elementor-container elementor-column-gap-default\">\n\t\t\t\t\t<div class=\"elementor-column elementor-col-100 elementor-top-column elementor-element elementor-element-2f3a536\" data-id=\"2f3a536\" data-element_type=\"column\" data-e-type=\"column\">\n\t\t\t<div class=\"elementor-widget-wrap elementor-element-populated\">\n\t\t\t\t\t\t<div class=\"elementor-element elementor-element-a2f7ce9 elementor-widget elementor-widget-image\" data-id=\"a2f7ce9\" data-element_type=\"widget\" data-e-type=\"widget\" data-widget_type=\"image.default\">\n\t\t\t\t<div class=\"elementor-widget-container\">\n\t\t\t\t\t\t\t\t\t\t\t\t\t\t\t<img fetchpriority=\"high\" decoding=\"async\" width=\"843\" height=\"632\" src=\"https:\/\/helixlab.com.tr\/wp-content\/uploads\/2023\/08\/Mikrobiyoloji-Alt-3-1024x768.jpg\" class=\"attachment-large size-large wp-image-259\" alt=\"\" srcset=\"https:\/\/helixlab.com.tr\/wp-content\/uploads\/2023\/08\/Mikrobiyoloji-Alt-3-1024x768.jpg 1024w, https:\/\/helixlab.com.tr\/wp-content\/uploads\/2023\/08\/Mikrobiyoloji-Alt-3-300x225.jpg 300w, https:\/\/helixlab.com.tr\/wp-content\/uploads\/2023\/08\/Mikrobiyoloji-Alt-3-768x576.jpg 768w, https:\/\/helixlab.com.tr\/wp-content\/uploads\/2023\/08\/Mikrobiyoloji-Alt-3-1536x1152.jpg 1536w, https:\/\/helixlab.com.tr\/wp-content\/uploads\/2023\/08\/Mikrobiyoloji-Alt-3-2048x1536.jpg 2048w\" sizes=\"(max-width: 843px) 100vw, 843px\" \/>\t\t\t\t\t\t\t\t\t\t\t\t\t\t\t<\/div>\n\t\t\t\t<\/div>\n\t\t\t\t\t<\/div>\n\t\t<\/div>\n\t\t\t\t\t<\/div>\n\t\t<\/section>\n\t\t\t\t<section class=\"elementor-section elementor-top-section elementor-element elementor-element-b92adc1 elementor-section-boxed elementor-section-height-default elementor-section-height-default\" data-id=\"b92adc1\" data-element_type=\"section\" data-e-type=\"section\">\n\t\t\t\t\t\t<div class=\"elementor-container elementor-column-gap-default\">\n\t\t\t\t\t<div class=\"elementor-column elementor-col-50 elementor-top-column elementor-element elementor-element-a1d5054\" data-id=\"a1d5054\" data-element_type=\"column\" data-e-type=\"column\">\n\t\t\t<div class=\"elementor-widget-wrap elementor-element-populated\">\n\t\t\t\t\t\t<div class=\"elementor-element elementor-element-6302a82 elementor-widget elementor-widget-image\" data-id=\"6302a82\" data-element_type=\"widget\" data-e-type=\"widget\" data-widget_type=\"image.default\">\n\t\t\t\t<div class=\"elementor-widget-container\">\n\t\t\t\t\t\t\t\t\t\t\t\t\t\t\t<img decoding=\"async\" width=\"768\" height=\"1024\" src=\"https:\/\/helixlab.com.tr\/wp-content\/uploads\/2023\/08\/Mikrobiyoloji-Alt-2.jpg\" class=\"attachment-large size-large wp-image-260\" alt=\"\" srcset=\"https:\/\/helixlab.com.tr\/wp-content\/uploads\/2023\/08\/Mikrobiyoloji-Alt-2.jpg 768w, https:\/\/helixlab.com.tr\/wp-content\/uploads\/2023\/08\/Mikrobiyoloji-Alt-2-225x300.jpg 225w\" sizes=\"(max-width: 768px) 100vw, 768px\" \/>\t\t\t\t\t\t\t\t\t\t\t\t\t\t\t<\/div>\n\t\t\t\t<\/div>\n\t\t\t\t\t<\/div>\n\t\t<\/div>\n\t\t\t\t<div class=\"elementor-column elementor-col-50 elementor-top-column elementor-element elementor-element-d98f62a\" data-id=\"d98f62a\" data-element_type=\"column\" data-e-type=\"column\">\n\t\t\t<div class=\"elementor-widget-wrap elementor-element-populated\">\n\t\t\t\t\t\t<div class=\"elementor-element elementor-element-10ab814 elementor-widget elementor-widget-image\" data-id=\"10ab814\" data-element_type=\"widget\" data-e-type=\"widget\" data-widget_type=\"image.default\">\n\t\t\t\t<div class=\"elementor-widget-container\">\n\t\t\t\t\t\t\t\t\t\t\t\t\t\t\t<img decoding=\"async\" width=\"576\" height=\"1024\" src=\"https:\/\/helixlab.com.tr\/wp-content\/uploads\/2023\/08\/Mikrobiyoloji-Alt-1.jpg\" class=\"attachment-large size-large wp-image-261\" alt=\"\" srcset=\"https:\/\/helixlab.com.tr\/wp-content\/uploads\/2023\/08\/Mikrobiyoloji-Alt-1.jpg 576w, https:\/\/helixlab.com.tr\/wp-content\/uploads\/2023\/08\/Mikrobiyoloji-Alt-1-169x300.jpg 169w\" sizes=\"(max-width: 576px) 100vw, 576px\" \/>\t\t\t\t\t\t\t\t\t\t\t\t\t\t\t<\/div>\n\t\t\t\t<\/div>\n\t\t\t\t\t<\/div>\n\t\t<\/div>\n\t\t\t\t\t<\/div>\n\t\t<\/section>\n\t\t\t\t<\/div>\n\t\t","protected":false},"excerpt":{"rendered":"<p>M\u0130KROB\u0130YOLOJ\u0130 M\u0130KROB\u0130YOLOJ\u0130 HelixLab Mikrobiyoloji Laboratuvar\u0131, dan\u0131\u015fman hocalar\u0131m\u0131z, uzman kadromuz ve i\u015f birli\u011fi yapt\u0131\u011f\u0131m\u0131z firmalar ile birlikte, geni\u015f kapsaml\u0131 ara\u015ft\u0131rma ve geli\u015ftirme hizmetleri sunmaktad\u0131r. Laboratuvar\u0131m\u0131zda y\u00fcr\u00fct\u00fclen&hellip;<\/p>\n","protected":false},"author":3,"featured_media":0,"parent":0,"menu_order":0,"comment_status":"closed","ping_status":"closed","template":"","meta":{"footnotes":""},"class_list":["post-85","page","type-page","status-publish","hentry"],"aioseo_notices":[],"_links":{"self":[{"href":"https:\/\/helixlab.com.tr\/index.php?rest_route=\/wp\/v2\/pages\/85","targetHints":{"allow":["GET"]}}],"collection":[{"href":"https:\/\/helixlab.com.tr\/index.php?rest_route=\/wp\/v2\/pages"}],"about":[{"href":"https:\/\/helixlab.com.tr\/index.php?rest_route=\/wp\/v2\/types\/page"}],"author":[{"embeddable":true,"href":"https:\/\/helixlab.com.tr\/index.php?rest_route=\/wp\/v2\/users\/3"}],"replies":[{"embeddable":true,"href":"https:\/\/helixlab.com.tr\/index.php?rest_route=%2Fwp%2Fv2%2Fcomments&post=85"}],"version-history":[{"count":5,"href":"https:\/\/helixlab.com.tr\/index.php?rest_route=\/wp\/v2\/pages\/85\/revisions"}],"predecessor-version":[{"id":705,"href":"https:\/\/helixlab.com.tr\/index.php?rest_route=\/wp\/v2\/pages\/85\/revisions\/705"}],"wp:attachment":[{"href":"https:\/\/helixlab.com.tr\/index.php?rest_route=%2Fwp%2Fv2%2Fmedia&parent=85"}],"curies":[{"name":"wp","href":"https:\/\/api.w.org\/{rel}","templated":true}]}}